prime factors of i?
5, 11
Let d(o) = o**3 - 4*o**2 - 2*o - 10. Let k be d(6). Let f = k - 37. Let w = 82 - f. List the prime factors of w.
3, 23
Let h(r) = 4*r**2 + 8*r + 10. Let c be h(9). List the prime factors of (-3 - -7) + (-2)/((-4)/c).
3, 23
Let b be ((-6)/12)/(3/(-4296)). Suppose -4*d = -3*k + k - b, -3*k = 5*d - 895. What are the prime factors of d?
179
Let a(f) = 264*f**2 - 4*f + 11. List the prime factors of a(2).
3, 353
Suppose -3*d + 389 = -2*d - 4*o, -4*d = -4*o - 1520. What are the prime factors of d?
13, 29
What are the prime factors of -686*(10/1 - 14)?
2, 7
Suppose -4*r + 4*l - 9 + 1 = 0, -4*r + 22 = 2*l. Suppose -6*s - q + 797 = -2*s, -606 = -r*s + 2*q. List the prime factors of s.
2, 5
Suppose -5287 = -5*f - 4*v, 4*v + 1067 = f - 0*v. What are the prime factors of f?
3, 353
Suppose 0 = 3*r + 4*a - 344, 3*a = 3*r - 398 + 89. What are the prime factors of r?
2, 3
Suppose h + 1 - 4 = 0. Suppose -h*s - 3*m + 21 = -2*m, 5*s = m + 43. Let w = s - -24. What are the prime factors of w?
2
Suppose 6*u = 4*u + 10. Suppose 4*n + 4*o - 2*o = 26, o + 36 = u*n. List the prime factors of 2 + n/((-14)/(-44)).
2, 3
Let s be (-3 + (-4)/(-1))*7 + -2. Suppose 0 = 3*b - s*z - 570, 4*b = 6*b - 3*z - 381. What are the prime factors of b?
3, 5, 13
Let o(n) = -n - 32. Let g be o(-20). Suppose -3*d + 7 + 98 = 0. Let b = g + d. List the prime factors of b.
23
Let l = 332 + -137. What are the prime factors of l?
3, 5, 13
Let m(s) = 4*s - 30. Let q be m(8). Suppose -q*w + 161 = -311. List the prime factors of w.
2, 59
Suppose 22*i - 40680 = -18*i. What are the prime factors of i?
3, 113
Let y(s) = 14*s**2 - 34*s - 222. List the prime factors of y(-14).
2, 1499
Let z be (-138)/(-3)*4/8. Suppose -65 = -y + 23. Suppose -z*m = -21*m - y. List the prime factors of m.
2, 11
Suppose 0 = 2*m + 2*k + 434, -k + 5*k = 3*m + 637. Let q = m + 313. List the prime factors of q.
2, 7
Suppose 5*k - 25 = -2*b, -4*k - b = k - 20. Suppose -3*f = -k*d - 33, -d + 3*d - 8 = -f. Suppose 5 = 3*h - f. List the prime factors of h.
5
Let v(p) = -2*p**2 - 18*p + 12. Let f be v(-13). Let h = -23 - f. List the prime factors of h.
3, 23
List the prime factors of 274/8*(-144)/(-198)*11.
2, 137
Let i be (-1)/(-3)*(0 - -21). Let o(p) = -p**3 + 6*p**2 + 7*p + 4. Let m be o(i). Suppose -m*n = -0*n - 132. List the prime factors of n.
3, 11
Let w(x) = 1. Let g(c) = 14*c - 12. Let u(p) = -g(p) - 2*w(p). List the prime factors of u(-7).
2, 3
Suppose 8*w - 5*k + 600 = 9*w, -2*w - 5*k + 1200 = 0. List the prime factors of w.
2, 3, 5
Let s = -38 + 66. Let q = s - 21. List the prime factors of q.
7
Let z(o) = -o**3 + 10*o**2 + 5*o - 11. Let b be 6/(-27) + 119/9. Suppose -8*f + b*f = 50. List the prime factors of z(f).
3, 13
Let s = 249 - -592. Suppose 5*x - s = 109. List the prime factors of x.
2, 5, 19
Let r = -1627 + 2297. What are the prime factors of r?
2, 5, 67
Let h = 523 - 150. List the prime factors of h.
373
What are the prime factors of ((-12)/(-8))/(54/24984)?
2, 347
List the prime factors of (-2835)/27*(2 - 3).
3, 5, 7
Suppose -35*x - 3 = -36*x. Suppose -x*b + 39 = 3*s, -5*b + 2*s - 6*s = -65. What are the prime factors of b?
13
Let r = 6 + -19. Let k = -11 - r. Suppose k*l + 3 = 15. List the prime factors of l.
2, 3
Let r = 53 + -53. Suppose 0 = 2*l + 3*l - 260. Suppose 4*t - l = -r*t. List the prime factors of t.
13
Let b(p) = p**3 - 4*p**2 - 7*p + 11. Suppose 4*g - 2*n - 50 = -3*n, 0 = -2*g + 4*n + 16. Suppose 0 = -0*q + 2*q - g. List the prime factors of b(q).
41
Suppose 3*u + 2*u + 3*j = 147, -5*u + 3*j = -123. Let z = 95 - u. What are the prime factors of z?
2, 17
Let z(c) = c + 4. Let j be z(3). Let o be (-4)/5*(j + -2). Let s(f) = f + 8. What are the prime factors of s(o)?
2
Let f(l) = -l**3 - 6*l**2 - 7*l - 5. Let g(a) = 2*a**2 - 8*a - 5. Let z be g(4). What are the prime factors of f(z)?
5
Let m(p) = 33*p - 7. Let r = -18 + 21. Let d be m(r). Let a = d - 32. List the prime factors of a.
2, 3, 5
Let f = -585 - -1629. List the prime factors of f.
2, 3, 29
Suppose -4 + 8 = 2*f. Suppose 4*h - 6 = 2. Suppose k = 3*y - 39 - 5, -24 = -h*y - f*k. List the prime factors of y.
2, 7
Let x = -85 + 89. What are the prime factors of x - (-393)/(7 + -4)?
3, 5
Let j(k) be the third derivative of -k**5/15 + 5*k**4/24 - 7*k**3/6 + 10*k**2. Let t(g) be the first derivative of j(g). List the prime factors of t(-3).
29
Suppose -3*h - 1686 = -6*h. Suppose -2*s = 114 - h. List the prime factors of s.
2, 7
Let l = 6 - -7. Suppose -5*g = -2*s + 10, 5*g + 28 = 4*s + 8. Let m = l + g. What are the prime factors of m?
13
Let b be (1/3)/(1/(-3)) - -5. Suppose -653 = -b*v - 249. List the prime factors of v.
101
Let m(o) = 2*o**2 - 3*o + 1. Let y = -6 + 8. Let x be m(y). Suppose c - 6 = -x*u, -2*c - 2 = 2*u - 3*u. List the prime factors of u.
2
Let i be 6/(1 + 2) + 4. Suppose l + 8 = -q - 4*q, -5*q - i = 2*l. Suppose -2*f - l*f = -44. What are the prime factors of f?
11
Let a = 41 - 41. List the prime factors of a/4 + -1 - -30.
29
Let o(c) = -2*c**3 + 8*c**2 + c + 13. Let k be o(6). Let h = -70 - k. List the prime factors of h.
5, 11
Let p(x) = -62*x - 2. Let b be p(1). Let l = b - -104. List the prime factors of l.
2, 5
Suppose -18*m + 5292 = 10*m. What are the prime factors of m?
3, 7
What are the prime factors of ((-132)/55 - 6)/((-2)/445)?
3, 7, 89
Suppose 24*h - 44*h + 2780 = 0. What are the prime factors of h?
139
Let r be (3/(-3) - 1)/(-2). Suppose p + r = -4*k + k, -5*k + p = -9. What are the prime factors of k + 0 + 1 + 4?
2, 3
Let p = 46 - 20. Suppose -24 = -a - p. What are the prime factors of (-9)/(27/a)*69?
2, 23
Suppose 5 = -4*z - 35. Let x = -9 - z. What are the prime factors of x - (3 + -4*4)?
2, 7
Let c(s) = -11*s**3 + s. Let q(v) = v**2 + 4*v - 1. Let b = 7 + -11. Let r be q(b). What are the prime factors of c(r)?
2, 5
Let a = -8 - -13. Suppose -a*n + 213 = -137. List the prime factors of (-12)/(-30)*n/2.
2, 7
Suppose -z + 2*c + 3*c = -159, 5*c - 645 = -5*z. What are the prime factors of z?
2, 67
Suppose -1112 = 34*j - 42*j. List the prime factors of j.
139
Let q(i) = -2*i**3 - 12*i**2 + 2*i + 17. Let t be q(-8). Let d = t - 44. List the prime factors of d.
3, 71
Let g = 3278 - -52. Suppose 8*v = -10*v + g. What are the prime factors of v?
5, 37
Suppose h = -2 - 2. Let c be 5 - 0*1/h. Suppose c*p = 5, 2*l - 86 = p + p. What are the prime factors of l?
2, 11
Let c be (-3)/(15/25) - -4. List the prime factors of -1 - (-12*4 + c + 1).
47
Let w(s) = -s**3 + 6*s**2 + 7*s - 2. Let y be (5 + 5)*(-1)/(-2). What are the prime factors of w(y)?
2, 29
Suppose -3*r - 111 = 87. Let i = 18 - r. What are the prime factors of i?
2, 3, 7
Let a(m) = 7*m**2 + 11*m - 69. List the prime factors of a(14).
31, 47
Suppose 0 = -7*f - 29 + 127. Let r(k) = -k**3 + k**2 + k + 28. Let s be r(0). List the prime factors of 9/2 + f/s.
5
Let b(d) = d**3 + 5*d**2 + 4*d + 3. Let a(w) = -w**2 + 2*w - 3. Let n be a(2). Let q be b(n). Let f = 13 - q. List the prime factors of f.
2
Let z = -3 - -4. Suppose k = z - 5. Let g(y) = -16*y + 8. List the prime factors of g(k).
2, 3
Let b(o) = o**2 - 2*o - 12. Let c(g) = g**2 + g + 1. Suppose 5*t = -3*l - 9, 4*t = -3*l + 2*t - 9. Let y be c(l). List the prime factors of b(y).
23
Let u(o) = -o**2 - 14*o - 14. Let w(d) = -33*d**2 + 6 - 18*d + 30*d**2 - 33 - 10*d. Let s(h) = -5*u(h) + 2*w(h). What are the prime factors of s(8)?
2
What are the prime factors of 42068/(15 + -2) + (1 - 5)?
2, 101
Let h be (0 + -10)*(-9)/(3 + 6). Suppose h*y + 4*y - 1302 = 0. List the prime factors of y.
3, 31
Let m = -16 - -6. Let u = 17 + m. List the prime factors of u.
7
Let c be 42460/154 + (1 - 5/7). Suppose n + 0*n = -4*v + 133, -2*n - 3*v + c = 0. List the prime factors of n.
3, 47
Let j = 12 + 8. Suppose 127 = t + j. List the prime factors of t.
107
Suppose 4*b = -d + 23, -d + 28 = 6*b - b. Let n be 563/b - (-12)/30. Suppose 0 = 5*x - n + 8. What are the prime factors of x?
3, 7
Suppose 3*t - 4*t - 3*y + 292 = 0, 2*y = -4*t + 1178. What are the prime factors of t?
5, 59
Let f = 12 - 11. Let y be (f/1)/((-5)/(-15)). List the prime factors of (408/(-36))/((-2)/y).
17
Let d(n) = -3*n**3 - 6*n**2 - 5*n. Suppose -g = -6*g - 20. Let t be d(g). Suppose t = 5*p - 64. What are the prime factors of p?
2, 3
